3 composite?
True
Is 17483116858 composite?
True
Is 388484113 composite?
True
Is 1343189585 a prime number?
False
Is 574578143 composite?
True
Is 8665978507 composite?
False
Is 4416167793 prime?
False
Is 267247791953 a prime number?
True
Is 25172827915 composite?
True
Is 4215525163 prime?
True
Is 590785883 a composite number?
True
Is 135368941 a composite number?
True
Is 1890135461 composite?
False
Is 9758184851 prime?
False
Is 3210576937 composite?
False
Is 41855917499 a prime number?
False
Is 5366176523 a prime number?
False
Is 992108867 prime?
True
Is 1460998823 a composite number?
False
Is 3225064319 prime?
False
Is 1597987291 composite?
True
Is 90292477685 a prime number?
False
Is 45551412619 a prime number?
False
Is 19877685977 composite?
True
Is 132765175217 a prime number?
True
Is 14422421179 a prime number?
False
Is 1780261193 composite?
True
Is 92347168049 composite?
True
Is 1426288243 prime?
False
Is 1929633089 a prime number?
True
Is 2744550341 composite?
True
Is 35842726937 a prime number?
True
Is 4546121 composite?
True
Is 71927057201 composite?
False
Is 15560309 prime?
True
Is 187397719 composite?
False
Is 892526087 a prime number?
False
Is 11984872787 a composite number?
False
Is 2576310767 a composite number?
False
Is 98311996253 a prime number?
False
Is 15436984361 a composite number?
False
Is 1285083797 composite?
False
Is 10500478361 a composite number?
True
Is 2929955311 a prime number?
True
Is 1187042686 composite?
True
Is 1176329563 a prime number?
True
Is 1144351003 a prime number?
True
Is 19487676449 a prime number?
True
Is 683368759 a composite number?
False
Is 11981144147 prime?
False
Is 30925902107 a prime number?
True
Is 1012782599 composite?
True
Is 5772310259 composite?
True
Is 200016149 a prime number?
True
Is 445592761 composite?
True
Is 9522350809 composite?
False
Is 46042576883 a composite number?
True
Is 992833645 a prime number?
False
Is 108288533 a prime number?
True
Is 21905503927 prime?
True
Is 3852101501 a composite number?
False
Is 315200201 a prime number?
True
Is 81548351 a prime number?
False
Is 118845989 a composite number?
False
Is 249965137 composite?
True
Is 2561303323 composite?
False
Is 101045598785 composite?
True
Is 12160709749 prime?
False
Is 14144322277 a composite number?
True
Is 692036161 a prime number?
True
Is 19412911 a prime number?
False
Is 28583726251 a prime number?
True
Is 4512283 prime?
True
Is 1994185937 a composite number?
True
Is 114839461 composite?
True
Is 77073069509 prime?
True
Is 846973139 composite?
True
Is 289991059 prime?
True
Is 245557307 a composite number?
False
Is 56015096615 a composite number?
True
Is 4187764739 composite?
False
Is 25926110671 a prime number?
True
Is 1645028951 prime?
True
Is 3119367811 prime?
False
Is 1293593447 a prime number?
True
Is 3801198353 prime?
False
Is 882746467 a composite number?
False
Is 12707800427 composite?
True
Is 2371109963 prime?
True
Is 3917032177 prime?
True
Is 30602193955 a composite number?
True
Is 170677714199 a composite number?
True
Is 9866319509 a prime number?
True
Is 68224283 a prime number?
False
Is 25571173627 composite?
True
Is 292401278483 a composite number?
True
Is 2045698307 a prime number?
False
Is 1107499691 a composite number?
False
Is 921663565 a prime number?
False
Is 19859397938 a composite number?
True
Is 130644641 prime?
False
Is 4353068081 prime?
False
Is 49564033 prime?
False
Is 4470171346 a composite number?
True
Is 15146589979 a prime number?
True
Is 268097749 prime?
True
Is 9534402107 prime?
False
Is 29189759 prime?
True
Is 29372151619 composite?
True
Is 195128369 a composite number?
True
Is 117199916927 a prime number?
False
Is 584427677 composite?
True
Is 16392301 a composite number?
True
Is 849366599 composite?
False
Is 1113208471 a prime number?
False
Is 851146453 a composite number?
True
Is 180371651 prime?
False
Is 585047101 composite?
False
Is 1990741723 composite?
True
Is 396855253 a composite number?
True
Is 53349660401 a composite number?
True
Is 210677628751 composite?
True
Is 5445650066 prime?
False
Is 1459153379 a composite number?
False
Is 161131331 composite?
False
Is 2696018911 a prime number?
False
Is 24689493995 composite?
True
Is 2459286559 a prime number?
False
Is 2275324939 prime?
False
Is 428425793 prime?
True
Is 691034941 prime?
True
Is 14557350931 a composite number?
True
Is 1039252793 a composite number?
False
Is 145010401 prime?
False
Is 476404399 prime?
False
Is 937715071 a prime number?
False
Is 659144879 composite?
True
Is 1093989145 composite?
True
Is 15259685615 a composite number?
True
Is 5002992059 a composite number?
True
Is 8677499 composite?
True
Is 76940821 prime?
True
Is 9862730183 composite?
True
Is 1460017451 a composite number?
False
Is 37285968191 composite?
False
Is 89213751811 a prime number?
True
Is 1213133167 a composite number?
True
Is 1949292967 a composite number?
True
Is 381865129 a prime number?
False
Is 13391762521 prime?
True
Is 41375741867 a composite number?
False
Is 1773857177 prime?
True
Is 393756581 a composite number?
False
Is 1689922363 composite?
False
Is 554278637 prime?
False
Is 2003628743 composite?
False
Is 4327942757 composite?
False
Is 27532726927 a composite number?
False
Is 60176386909 a composite number?
True
Is 19269439737 a composite number?
True
Is 1478261303 a composite number?
False
Is 26408263933 a prime number?
True
Is 4611027341 prime?
True
Is 855230503 a composite number?
True
Is 6943098073 prime?
False
Is 155007859 a composite number?
False
Is 785318983 composite?
True
Is 390186840829 composite?
False
Is 7622729 a prime number?
False
Is 33406939 a composite number?
False
Is 31964752903 a prime number?
False
Is 2305045321 prime?
True
Is 856774103 a composite number?
False
Is 198802741993 composite?
False
Is 65936313631 prime?
True
Is 42149843369 a composite number?
True
Is 52251107 composite?
True
Is 726741727 composite?
False
Is 1880258887 composite?
True
Is 291515797 prime?
False
Is 38551583023 composite?
True
Is 51574703179 composite?
True
Is 756512273 a prime number?
False
Is 582206402 prime?
False
Is 3774656909 composite?
False
Is 1063921501 composite?
True
Is 3319977967 prime?
False
Is 12725947823 prime?
False
Is 14951660489 prime?
False
Is 2733497339 prime?
False
Is 658533989 composite?
True
Is 2421169879 composite?
True
Is 9137755727 composite?
True
Is 15562672997 a prime number?
True
Is 8292910007 composite?
True
Is 5115462971 prime?
True
Is 2454415291 a prime number?
True
Is 395707589 a prime number?
False
Is 27843850963 a prime number?
True
Is 232545061 prime?
False
Is 131944749499 prime?
True
Is 364032173 prime?
False
Is 2821284689 prime?
True
Is 823209733 prime?
False
Is 1814871059 composite?
True
Is 29831741621 prime?
False
Is 6988698467 composite?
False
Is 8451175163 prime?
False
Is 34264017211 a composite number?
True
Is 1297134269 a prime number?
False
Is 19670839 prime?
True
Is 24708928207 composite?
True
Is 190413911 a prime number?
False
Is 1355416561 composite?
True
Is 346072907 a prime number?
True
Is 32167560889 composite?
False
Is 33384235669 a composite number?
False
Is 34153435891 composite?
False
Is 150611431147 a composite number?
False
Is 1826326289 prime?
False
Is 9587773735 composite?
True
Is 24055969109 a composite number?
False
Is 2123871803 composite?
True
Is 84648167449 a composite number?
False
Is 4279139587 prime?
False
Is 1154420083 a prime number?
False
Is 3619243597 composite?
False
Is 8831149 composite?
True
Is 1399890601 composite?
False
Is 2651441713 prime?
True
Is 65514307511 composite?
True
Is 531417845459 a composite number?
True
Is 81199873 a prime number?
False
Is 18320949523 composite?
False
Is 1023786509 a prime number?
True
Is 480606207 a prime number?
False
Is 43509149789 a composite number?
True
Is 1723087571 a prime number?
True
Is 73666042019 a composite number?
True
Is 4819640503 prime?
True
Is 200436050197 a composite number?
True
Is 73167508342 prime?
False
Is 5982169757 composite?
False
Is 50952700633 a prime number?
False
Is 154108059061 prime?
False
Is 8871189139 a prime number?
False
Is 7414227617 prime?
False
Is 5698610077 a composite number?
False
Is 6324094597 prime?
True
Is 209126011 a composite number?
True
Is 28891144969 composite?
True
Is 7730033